0000011111 (base 2) to base 4
3000300133
-406279 (base 11) to base 5
-131340033
Convert 140467a (base 11) to base 15.
32c902
What is 13354622 (base 9) in base 6?
353132202
What is 335024 (base 7) in base 4?
32133131
Convert -10011121221 (base 3) to base 9.
-104557
What is 10132303 (base 5) in base 6?
1442205
1480783 (base 9) to base 3
1112200212210
17486 (base 9) to base 10
12066
What is -69608 (base 10) in base 14?
-1b520
699a94 (base 11) to base 8
4172507
Convert -156b1 (base 15) to base 12.
-33b34
What is -1220210101210 (base 3) in base 13?
-29901c
120142134 (base 5) to base 13
1647c8
Convert -277508 (base 9) to base 16.
-29645
What is -942c58 (base 14) in base 12?
-1812812
Convert 67b6c (base 13) to base 5.
22014234
What is 200030141 (base 5) in base 7?
6441204
36a570 (base 12) to base 10
888996
-4ad57 (base 15) to base 6
-5043401
-82655 (base 12) to base 11
-106a24
11111001111110110001 (base 2) to base 13
29b092
Convert -5369b5 (base 14) to base 2.
-1010110001001001100011
-3035553 (base 6) to base 11
-9a064
What is -224047 (base 9) in base 5?
-13243204
What is -157871 (base 10) in base 9?
-260502
1117043 (base 13) to base 9
10768722
What is 101000100111110011 (base 2) in base 15?
34477
What is -1d7918 (base 14) in base 12?
-430496
-10020222312 (base 4) to base 16
-108ab6
2bda4 (base 14) to base 7
634564
What is -1a74a (base 15) in base 11?
-596a0
790e1d (base 15) to base 12
1b25824
Convert 17221 (base 11) to base 9.
36204
Convert 20511230 (base 7) to base 3.
10021002120122
What is 1007801 (base 9) in base 11?
337668
Convert 11111010100101000 (base 2) to base 7.
1043020
Convert -144142531 (base 6) to base 12.
-1007a47
Convert -33254011 (base 6) to base 13.
-291502
What is 801738 (base 13) in base 12?
bb4b23
3da63 (base 14) to base 16
25587
-16ed6e8 (base 15) to base 3
-1011102111120002
3562106 (base 8) to base 2
11101110010001000110
Convert -31332233 (base 5) to base 2.
-111111110111000000
Convert -41549b (base 12) to base 13.
-29b95b
-14142065 (base 8) to base 11
-1893196
2c4908 (base 13) to base 10
1095635
-11360350 (base 7) to base 13
-292cb1
304444250 (base 6) to base 15
6de4d6
Convert 1422513 (base 6) to base 8.
236115
19107 (base 14) to base 13
22a85
What is -31c16 (base 15) in base 7?
-1225362
520245 (base 6) to base 5
2312243
Convert 301124 (base 5) to base 11.
7192
Convert -100122432 (base 5) to base 13.
-10ac5b
a912 (base 13) to base 7
125350
Convert -45205234 (base 6) to base 14.
-279274
7d40 (base 16) to base 3
1121222120
-120211100210 (base 3) to base 4
-1030003323
What is 3532 (base 8) in base 6?
12414
Convert 11424100 (base 5) to base 4.
122113321
3483554 (base 10) to base 13
94c799
24e30 (base 16) to base 10
151088
Convert -22003320101 (base 4) to base 15.
-37166e
What is -252b93 (base 12) in base 5?
-123401440
What is -142412401 (base 6) in base 2?
-1011001010010001010001
What is -7644 (base 9) in base 13?
-2740
What is -100010001101100 (base 2) in base 4?
-10101230
What is -1166b22 (base 12) in base 13?
-9105cb
Convert 518793 (base 11) to base 7.
10032115
Convert 101111111010111011 (base 2) to base 5.
22240113
a7a510 (base 11) to base 4
12211213023
What is -6554024 (base 7) in base 14?
-16ca84
Convert 10100110111111001101 (base 2) to base 16.
a6fcd
Convert -7b4e (base 16) to base 15.
-9546
8d8bb (base 15) to base 2
1101110000100100011
What is 12672671 (base 10) in base 15?
11a4ceb
Convert -21220120 (base 5) to base 3.
-100010002211
Convert 1b0da (base 15) to base 13.
3105a
19d8ac (base 16) to base 15
236d48
Convert 1334405221 (base 6) to base 8.
75550215
What is 15b31b9 (base 14) in base 16?
a280df
What is -14240331 (base 5) in base 16?
-247da
389967 (base 10) to base 4
1133031033
Convert 2161434 (base 9) to base 4.
10123302031
3223104 (base 5) to base 4
31113323
Convert 1110011001100110110 (base 2) to base 7.
4003456
Convert 3d193 (base 14) to base 5.
14314440
-794728 (base 10) to base 14
-1698a4
-100222120222 (base 3) to base 13
-6b5bb
Convert 173719 (base 12) to base 13.
110205
76174463 (base 8) to base 12
556a66b
102320000033 (base 4) to base 9
10271318
Convert -114320441 (base 5) to base 13.
-15c910
What is -214045 (base 9) in base 10?
-127616
2d3ae6 (base 15) to base 7
24416166
Convert -10100110000 (base 2) to base 5.
-20303
Convert 57128 (base 11) to base 9.
135358
-6c008 (base 16) to base 5
-103124001
Convert 20577 (base 10) to base 9.
31203
Convert -100913 (base 10) to base 6.
-2055105
1244555 (base 6) to base 7
403424
What is 23020130203 (base 4) in base 12?
b88917
What is 112414413 (base 5) in base 10?
513733
Convert a8c5a (base 15) to base 7.
4361533
Convert -100001010101011010010 (base 2) to base 3.
-2001111100210
Convert -3303311013 (base 5) to base 3.
-111100010021002
3064113 (base 7) to base 12
159500
-19205b (base 14) to base 12
-36a669
Convert -2640744 (base 8) to base 14.
-152c16
Convert -4364029 (base 10) to base 15.
-5b30a4
What is 3126656 (base 7) in base 5?
44030244
What is 4a949 (base 12) in base 9?
164303
20224340 (base 5) to base 16
281f9
What is -121550541 (base 6) in base 12?
-945451
2608632 (base 9) to base 4
11123202203
Convert -152521305 (base 6) to base 4.
-30100301021
111001011000100 (base 2) to base 6
344004
-cc5b2 (base 13) to base 8
-1322646
What is -1b751 (base 14) in base 13?
-25b5c
Convert -3244412 (base 6) to base 13.
-587c0
Convert 16c222 (base 16) to base 12.
5bb16a
What is -90305 (base 10) in base 3?
-11120212122
1111111111010010 (base 2) to base 4
33333102
-daeb67 (base 16) to base 3
-222222220112111
10013133131 (base 4) to base 9
2024418
Convert -201302121 (base 4) to base 10.
-138393
-1211311 (base 5) to base 9
-34128
What is 2040910 (base 10) in base 11?
1174403
What is 100303013313 (base 4) in base 14?
828bc3
-1239bb (base 14) to base 6
-21220401
What is -680154 (base 12) in base 9?
-3107751
What is -194320 (base 10) in base 6?
-4055344
2127166 (base 8) to base 3
1001220110020
13441202 (base 5) to base 15
2b802
What is -3a91d (base 14) in base 9?
-240162
-131003213302 (base 4) to base 11
-4332855
-162286 (base 10) to base 11
-100a23
What is -9714841 (base 10) in base 16?
-943c99
Convert -133202234 (base 5) to base 12.
-288750
What is -11001000100111110 (base 2) in base 13?
-379a5
-322573 (base 15) to base 12
-9716a6
-21855cb (base 13) to base 7
-153153161
What is 39a62b (base 15) in base 14?
5210dd
242031 (base 6) to base 7
115525
What is -15710 (base 16) in base 11?
-5aa90
142423402 (base 5) to base 2
10110110110000111010
What is 9b992 (base 14) in base 13?
102c81
What is -243c2bb (base 13) in base 3?
-210011121220220
Convert -23013222212 (base 4) to base 8.
-13075246
Convert 606f5 (base 16) to base 8.
1403365
Convert -dd216 (base 14) to base 9.
-1005501
Convert 1100101110101111000 (base 2) to base 16.
65d78
What is -250904 (base 15) in base 5?
-423231104
What is 1197046 (base 10) in base 8?
4441766
135000 (base 11) to base 14
571a5
Convert 1157b36 (base 12) to base 10.
3352218
What is 69674 (base 14) in base 10?
256470
Convert -440250 (base 6) to base 12.
-19086
What is 194175 (base 10) in base 3?
100212100200
What is -11102020100100 (base 3) in base 9?
-4366310
Convert 16912 (base 11) to base 10.
23729
What is 25604 (base 16) in base 3?
21210000002
Convert -1803578 (base 12) to base 7.
-60231431
Convert 121d47 (base 14) to base 8.
2272753
625302 (base 9) to base 4
1122221222
What is 163060 (base 9) in base 4?
120210300
Convert -8680814 (base 9) to base 6.
-243505151
Convert -40110412 (base 5) to base 8.
-1151705
What is -363ca45 (base 13) in base 16?
-100aedb
Convert 37b566 (base 12) to base 8.
3364136
-d99b97 (base 14) to base 12
-25719b5
1063b (base 12) to base 8
52217
Convert -101001110001011001011 (base 2) to base 7.
-14430416
What is -2613078 (base 10) in base 6?
-132001330
13103213223 (base 4) to base 3
10121022101200
Convert 103111231 (base 5) to base 15.
8abe6
29069 (base 10) to base 15
892e
Convert 20ab6 (base 15) to base 3.
12021012200
What is 100231332032 (base 4) in base 7?
52152164
Convert 1145331 (base 8) to base 2.
1001100101011011001
What is -26b28 (base 14) in base 10?
-95488
Convert -132115414 (base 6) to base 14.
-4c3cc2
Convert 110100221212 (base 3) to base 8.
733377
Convert 3135344 (base 8) to base 6.
25514220
-2364326 (base 7) to base 8
-1115140